{"id":6350,"date":"2025-05-28T18:27:58","date_gmt":"2025-05-28T16:27:58","guid":{"rendered":"https:\/\/d-dk-patchworkforum.de\/?page_id=6350"},"modified":"2025-05-28T18:27:59","modified_gmt":"2025-05-28T16:27:59","slug":"kurser-knivsberg-2025","status":"publish","type":"page","link":"https:\/\/d-dk-patchworkforum.de\/?page_id=6350&lang=da","title":{"rendered":"Kurser Knivsberg 2025"},"content":{"rendered":"\n<p class=\"has-large-font-size\">\u201d<strong>Portr\u00e6tter p\u00e5 stof\u201d ved Claudia Nimmrichter<\/strong> (pris 20 Euro)<\/p>\n\n\n\n<figure class=\"wp-block-image size-full\"><img loading=\"lazy\" decoding=\"async\" width=\"625\" height=\"289\" src=\"https:\/\/d-dk-patchworkforum.de\/wp-content\/uploads\/2025\/05\/portraet.jpg\" alt=\"\" class=\"wp-image-6332\" srcset=\"https:\/\/d-dk-patchworkforum.de\/wp-content\/uploads\/2025\/05\/portraet.jpg 625w, https:\/\/d-dk-patchworkforum.de\/wp-content\/uploads\/2025\/05\/portraet-300x139.jpg 300w\" sizes=\"auto, (max-width: 625px) 100vw, 625px\" \/><\/figure>\n\n\n\n<p class=\"has-medium-font-size\">Hun viser, hvordan man af et foto af et menneske eller et dyr kan fremstille et portr\u00e6t af stof. Hver fremstiller sit eget individuelle portr\u00e6t. Det starter med bearbejdning af fotoet p\u00e5 pc. Der arbejdes f.eks. med kontrast, skarphed, besk\u00e6ring og toneniveau. P\u00e5 kurset bliver der vist et eksempel.<\/p>\n\n\n\n<p class=\"has-medium-font-size\">Det \u00f8nskede billede skal i forvejen sendes til <a href=\"mailto:stoffpaula@googlemail.com\">stoffpaula@googlemail.com<\/a> , s\u00e5ledes at hun kan bearbejde det og afstemme det med jer.<\/p>\n\n\n\n<p class=\"has-medium-font-size\">Efter fotoets udtryk begynder I at sk\u00e6re stoffet til i de enkelte nuancer og at bygge billedet op. Til slut kommer der tips til f\u00e6rdigg\u00f8relsen og quiltningen.<\/p>\n\n\n\n<p class=\"has-medium-font-size\">I kan bestille en materialepakke (40 Euro) hos Claudia. Hun medbringer det, og I kan betale p\u00e5 stedet.<\/p>\n\n\n\n<p class=\"has-medium-font-size\"><strong>Materialeliste:<\/strong><\/p>\n\n\n\n<ul class=\"wp-block-list has-medium-font-size\">\n<li>6-7 stykker stof i farvetrin hvid over gr\u00e5 til sort eller i en anden farveretning. I format DIN A 4.<\/li>\n\n\n\n<li>Evt. baggrundsstof<\/li>\n\n\n\n<li>6-7 ark \u201dLite Steam a Seam 2\u201d eller en stabil strygevlies som f.eks. H250<\/li>\n\n\n\n<li>Jeres foto<\/li>\n\n\n\n<li>R\u00f8d blyant<\/li>\n\n\n\n<li>Papirsaks, lille stofsaks, pincet<\/li>\n\n\n\n<li>Strygejern, strygebetr\u00e6k, bagepapir til strygning<\/li>\n\n\n\n<li><strong>Ingen symaskine<\/strong><\/li>\n\n\n\n<li><strong>Ingen computer<\/strong><\/li>\n<\/ul>\n\n\n\n<p class=\"has-medium-font-size\"><strong>Kursustid: <\/strong>l\u00f8rdag kl. 9-12. Middagspause.\u00a0 Kl. 13-16<\/p>\n\n\n\n<hr class=\"wp-block-separator has-alpha-channel-opacity\"\/>\n\n\n\n<p class=\"has-large-font-size\">\u201d <strong>Forsvundne blokke\u201d ved Eli Thomae<\/strong> (pris 20 Euro)<\/p>\n\n\n\n<figure class=\"wp-block-image size-full\"><img loading=\"lazy\" decoding=\"async\" width=\"917\" height=\"548\" src=\"https:\/\/d-dk-patchworkforum.de\/wp-content\/uploads\/2025\/05\/patch.jpg\" alt=\"\" class=\"wp-image-6331\" srcset=\"https:\/\/d-dk-patchworkforum.de\/wp-content\/uploads\/2025\/05\/patch.jpg 917w, https:\/\/d-dk-patchworkforum.de\/wp-content\/uploads\/2025\/05\/patch-300x179.jpg 300w, https:\/\/d-dk-patchworkforum.de\/wp-content\/uploads\/2025\/05\/patch-768x459.jpg 768w\" sizes=\"auto, (max-width: 917px) 100vw, 917px\" \/><\/figure>\n\n\n\n<p class=\"has-medium-font-size\">Der bliver vist forskellige sk\u00e6reteknikker. Efter tilmelding f\u00e5r I den n\u00f8jagtige tilsk\u00e6rings plan for blokkene. Det ville v\u00e6re godt, hvis I ved tilmeldingen ville skrive, hvilke blokke I ville sy.<\/p>\n\n\n\n<p class=\"has-medium-font-size\">Kursustid: l\u00f8rdag fra kl. 9- 12. Middagspause. Kl. 13-16.<\/p>\n\n\n\n<hr class=\"wp-block-separator has-alpha-channel-opacity\"\/>\n\n\n\n<p class=\"has-large-font-size\"><strong>En vest syet ved Siegrid Hermann<\/strong><\/p>\n\n\n\n<p class=\"has-medium-font-size\">I kan sy en flot vest ved Siegrid! S\u00e6t jer venligst i forbindelse med hende omkring hvilken model, I vil sy og hvilken st\u00f8rrelse, I skal have. siegridpeter@kabelmail.dk<\/p>\n\n\n\n<p class=\"has-medium-font-size\">Stof og alt sytilbeh\u00f8r skal I selv medbringe. Siegrid medbringer m\u00f8nstre.<\/p>\n\n\n\n<p class=\"has-medium-font-size\"><strong>Kursustid: <\/strong>L\u00f8rdag kl.9-12. Middagspause. Kl. 13-16<\/p>\n\n\n\n<hr class=\"wp-block-separator has-alpha-channel-opacity\"\/>\n\n\n\n<p class=\"has-large-font-size\"><strong>\u201d Storm at sea\u201d Eli Thomae<\/strong> (pris 10 Euro)<\/p>\n\n\n\n<p class=\"has-medium-font-size\">Info om det teoretiske til denne blok, men der bliver ogs\u00e5 syet.<\/p>\n\n\n\n<p class=\"has-medium-font-size\"><strong>Kursustid: <\/strong>S\u00f8ndag kl.9-12.<\/p>\n\n\n\n<hr class=\"wp-block-separator has-alpha-channel-opacity\"\/>\n\n\n\n<p class=\"has-large-font-size\"><strong>\u201d Mal med symaskinen\u201d med Andrea Sch\u00f6neich<\/strong><\/p>\n\n\n\n<figure class=\"wp-block-image size-full\"><img loading=\"lazy\" decoding=\"async\" width=\"915\" height=\"197\" src=\"https:\/\/d-dk-patchworkforum.de\/wp-content\/uploads\/2025\/05\/malen.jpg\" alt=\"\" class=\"wp-image-6330\" srcset=\"https:\/\/d-dk-patchworkforum.de\/wp-content\/uploads\/2025\/05\/malen.jpg 915w, https:\/\/d-dk-patchworkforum.de\/wp-content\/uploads\/2025\/05\/malen-300x65.jpg 300w, https:\/\/d-dk-patchworkforum.de\/wp-content\/uploads\/2025\/05\/malen-768x165.jpg 768w\" sizes=\"auto, (max-width: 915px) 100vw, 915px\" \/><\/figure>\n\n\n\n<p class=\"has-medium-font-size\">Andrea viser jer, hvordan man kan \u201dmale\u201d huse, blomster og landskaber med symaskinen.<\/p>\n\n\n\n<p class=\"has-medium-font-size\"><strong>Materialeliste:<\/strong><\/p>\n\n\n\n<p class=\"has-medium-font-size\">Sy- eller broderitr\u00e5d i forskellige farver (som i en \u00e6ske farverblyanter), selv rester er gode at anvende.<\/p>\n\n\n\n<ul class=\"wp-block-list\">\n<li class=\"has-medium-font-size\">Sytr\u00e5d i en neutral farve (som undertr\u00e5d) f.eks. beige, hvid, lysegr\u00e5, lysebl\u00e5 eller passende til det neutrale baggrundsstof<\/li>\n\n\n\n<li class=\"has-medium-font-size\">Sy- eller brodertr\u00e5d i m\u00f8rkeste gr\u00e5 (som en blyantstift)<\/li>\n\n\n\n<li class=\"has-medium-font-size\">Baggrundsstof i en neutral farve, beige, hvid, lysegr\u00e5, lysebl\u00e5 (det er faktisk l\u00e6rredet). Velegnet er ogs\u00e5 tone i tonestoffer (ca. 30-40 cm)<\/li>\n\n\n\n<li class=\"has-medium-font-size\">Mange kul\u00f8rte stoffer til collagen.<\/li>\n\n\n\n<li class=\"has-medium-font-size\">Rivbar vlies ca. 30-40 cm<\/li>\n\n\n\n<li class=\"has-medium-font-size\">Vliesofix ca. 20 cm<\/li>\n\n\n\n<li class=\"has-medium-font-size\">Til at tegne direkte p\u00e5 stoffet: vandopl\u00f8selig stift<\/li>\n\n\n\n<li class=\"has-medium-font-size\">Broderiramme (skal gerne v\u00e6re godt 15 cm i diameter. Kanten m\u00e5 ikke v\u00e6re for h\u00f8j, da den skal kunne g\u00e5 under en maskinn\u00e5l)<\/li>\n\n\n\n<li class=\"has-medium-font-size\">Lille tr\u00e5dsaks. Lille stofsaks<\/li>\n\n\n\n<li class=\"has-medium-font-size\">N\u00e5letr\u00e6der (Girls best Friend)<\/li>\n\n\n\n<li class=\"has-medium-font-size\">Knappen\u00e5le<\/li>\n\n\n\n<li class=\"has-medium-font-size\">Symaskinen\u00e5le: Broderisymaskinen\u00e5le i str. 80 eller 90<\/li>\n\n\n\n<li class=\"has-medium-font-size\">Blyant og papir til skitsetegning<\/li>\n\n\n\n<li class=\"has-medium-font-size\">Postkort, maleb\u00f8ger, sider fra tidsskrifter som ideforl\u00e6g<\/li>\n<\/ul>\n\n\n\n<p class=\"has-medium-font-size\">Reng\u00f8r symaskinen f\u00f8r start. Undertransport\u00f8ren skal kunne s\u00e6nkes. (v\u00e6r omhyggelig overalt) Hos mange modeller skal stingpladen kun tild\u00e6kkes. Det er n\u00f8dvendigt med en s\u00e5kaldt frih\u00e5ndstrykfod eller ogs\u00e5 en quiltefod. Denne bliver skruet fast p\u00e5 maskinen og kan k\u00f8bes dertil. Som sytr\u00e5de egner sig grundl\u00e6ggende alle sytr\u00e5de, og nu kommer den store undtagelse: K\u00f8b ikke de billige Aldi eller Lidl tr\u00e5de. Disse tr\u00e5de kn\u00e6kker hele tiden. Vi syr med h\u00f8j hastighed. S\u00e5danne sytr\u00e5de er meget glatte og bliver ogs\u00e5 brugt til broderimaskiner. Jeg har meget god erfaring med \u201dhurtige tr\u00e5de\u201d (Rasantgarnen). De findes i 1000 m cones dog ikke i alle farver.<strong>Kursustid<\/strong>: s\u00f8ndag kl. 9-12<\/p>\n\n\n\n<hr class=\"wp-block-separator has-alpha-channel-opacity\"\/>\n\n\n\n<p><\/p>\n","protected":false},"excerpt":{"rendered":"<p>\u201dPortr\u00e6tter p\u00e5 stof\u201d ved Claudia Nimmrichter (pris 20 Euro) Hun viser, hvordan man af et foto af et menneske eller et dyr kan fremstille et portr\u00e6t af stof. Hver fremstiller &hellip;<br \/><a href=\"https:\/\/d-dk-patchworkforum.de\/?page_id=6350&#038;lang=da\" class=\"more-link pen_button pen_element_default pen_icon_arrow_double\">Continue reading <span class=\"screen-reader-text\">Kurser Knivsberg 2025<\/span><\/a><\/p>\n","protected":false},"author":2,"featured_media":0,"parent":0,"menu_order":0,"comment_status":"closed","ping_status":"closed","template":"","meta":{"_coblocks_attr":"","_coblocks_dimensions":"","_coblocks_responsive_height":"","_coblocks_accordion_ie_support":"","advgb_blocks_editor_width":"","advgb_blocks_columns_visual_guide":"","footnotes":""},"class_list":["post-6350","page","type-page","status-publish","hentry"],"coauthors":[],"author_meta":{"author_link":"https:\/\/d-dk-patchworkforum.de\/?author=2","display_name":"Peter Schmidt"},"relative_dates":{"created":"Ver\u00f6ffentlicht 11\u00a0Monaten vor","modified":"Aktualisiert 11\u00a0Monaten vor"},"absolute_dates":{"created":"Ver\u00f6ffentlicht am 28\/05\/2025","modified":"Aktualisiert am 28\/05\/2025"},"absolute_dates_time":{"created":"Ver\u00f6ffentlicht am 28\/05\/2025 18:27","modified":"Aktualisiert am 28\/05\/2025 18:27"},"featured_img_caption":"","featured_img":false,"series_order":"","_links":{"self":[{"href":"https:\/\/d-dk-patchworkforum.de\/index.php?rest_route=\/wp\/v2\/pages\/6350","targetHints":{"allow":["GET"]}}],"collection":[{"href":"https:\/\/d-dk-patchworkforum.de\/index.php?rest_route=\/wp\/v2\/pages"}],"about":[{"href":"https:\/\/d-dk-patchworkforum.de\/index.php?rest_route=\/wp\/v2\/types\/page"}],"author":[{"embeddable":true,"href":"https:\/\/d-dk-patchworkforum.de\/index.php?rest_route=\/wp\/v2\/users\/2"}],"replies":[{"embeddable":true,"href":"https:\/\/d-dk-patchworkforum.de\/index.php?rest_route=%2Fwp%2Fv2%2Fcomments&post=6350"}],"version-history":[{"count":1,"href":"https:\/\/d-dk-patchworkforum.de\/index.php?rest_route=\/wp\/v2\/pages\/6350\/revisions"}],"predecessor-version":[{"id":6351,"href":"https:\/\/d-dk-patchworkforum.de\/index.php?rest_route=\/wp\/v2\/pages\/6350\/revisions\/6351"}],"wp:attachment":[{"href":"https:\/\/d-dk-patchworkforum.de\/index.php?rest_route=%2Fwp%2Fv2%2Fmedia&parent=6350"}],"curies":[{"name":"wp","href":"https:\/\/api.w.org\/{rel}","templated":true}]}}

<p class="has-large-font-size">”<strong>Portrætter på stof” ved Claudia Nimmrichter</strong> (pris 20 Euro)</p>



<figure class="wp-block-image size-full"><img loading="lazy" decoding="async" width="625" height="289" src="https://d-dk-patchworkforum.de/wp-content/uploads/2025/05/portraet.jpg" alt="" class="wp-image-6332" srcset="https://d-dk-patchworkforum.de/wp-content/uploads/2025/05/portraet.jpg 625w, https://d-dk-patchworkforum.de/wp-content/uploads/2025/05/portraet-300x139.jpg 300w" sizes="auto, (max-width: 625px) 100vw, 625px" /></figure>



<p class="has-medium-font-size">Hun viser, hvordan man af et foto af et menneske eller et dyr kan fremstille et portræt af stof. Hver fremstiller sit eget individuelle portræt. Det starter med bearbejdning af fotoet på pc. Der arbejdes f.eks. med kontrast, skarphed, beskæring og toneniveau. På kurset bliver der vist et eksempel.</p>



<p class="has-medium-font-size">Det ønskede billede skal i forvejen sendes til <a href="mailto:stoffpaula@googlemail.com">stoffpaula@googlemail.com</a> , således at hun kan bearbejde det og afstemme det med jer.</p>



<p class="has-medium-font-size">Efter fotoets udtryk begynder I at skære stoffet til i de enkelte nuancer og at bygge billedet op. Til slut kommer der tips til færdiggørelsen og quiltningen.</p>



<p class="has-medium-font-size">I kan bestille en materialepakke (40 Euro) hos Claudia. Hun medbringer det, og I kan betale på stedet.</p>



<p class="has-medium-font-size"><strong>Materialeliste:</strong></p>



<ul class="wp-block-list has-medium-font-size">
<li>6-7 stykker stof i farvetrin hvid over grå til sort eller i en anden farveretning. I format DIN A 4.</li>



<li>Evt. baggrundsstof</li>



<li>6-7 ark ”Lite Steam a Seam 2” eller en stabil strygevlies som f.eks. H250</li>



<li>Jeres foto</li>



<li>Rød blyant</li>



<li>Papirsaks, lille stofsaks, pincet</li>



<li>Strygejern, strygebetræk, bagepapir til strygning</li>



<li><strong>Ingen symaskine</strong></li>



<li><strong>Ingen computer</strong></li>
</ul>



<p class="has-medium-font-size"><strong>Kursustid: </strong>lørdag kl. 9-12. Middagspause.  Kl. 13-16</p>



<hr class="wp-block-separator has-alpha-channel-opacity"/>



<p class="has-large-font-size">” <strong>Forsvundne blokke” ved Eli Thomae</strong> (pris 20 Euro)</p>



<figure class="wp-block-image size-full"><img loading="lazy" decoding="async" width="917" height="548" src="https://d-dk-patchworkforum.de/wp-content/uploads/2025/05/patch.jpg" alt="" class="wp-image-6331" srcset="https://d-dk-patchworkforum.de/wp-content/uploads/2025/05/patch.jpg 917w, https://d-dk-patchworkforum.de/wp-content/uploads/2025/05/patch-300x179.jpg 300w, https://d-dk-patchworkforum.de/wp-content/uploads/2025/05/patch-768x459.jpg 768w" sizes="auto, (max-width: 917px) 100vw, 917px" /></figure>



<p class="has-medium-font-size">Der bliver vist forskellige skæreteknikker. Efter tilmelding får I den nøjagtige tilskærings plan for blokkene. Det ville være godt, hvis I ved tilmeldingen ville skrive, hvilke blokke I ville sy.</p>



<p class="has-medium-font-size">Kursustid: lørdag fra kl. 9- 12. Middagspause. Kl. 13-16.</p>



<hr class="wp-block-separator has-alpha-channel-opacity"/>



<p class="has-large-font-size"><strong>En vest syet ved Siegrid Hermann</strong></p>



<p class="has-medium-font-size">I kan sy en flot vest ved Siegrid! Sæt jer venligst i forbindelse med hende omkring hvilken model, I vil sy og hvilken størrelse, I skal have. siegridpeter@kabelmail.dk</p>



<p class="has-medium-font-size">Stof og alt sytilbehør skal I selv medbringe. Siegrid medbringer mønstre.</p>



<p class="has-medium-font-size"><strong>Kursustid: </strong>Lørdag kl.9-12. Middagspause. Kl. 13-16</p>



<hr class="wp-block-separator has-alpha-channel-opacity"/>



<p class="has-large-font-size"><strong>” Storm at sea” Eli Thomae</strong> (pris 10 Euro)</p>



<p class="has-medium-font-size">Info om det teoretiske til denne blok, men der bliver også syet.</p>



<p class="has-medium-font-size"><strong>Kursustid: </strong>Søndag kl.9-12.</p>



<hr class="wp-block-separator has-alpha-channel-opacity"/>



<p class="has-large-font-size"><strong>” Mal med symaskinen” med Andrea Schöneich</strong></p>



<figure class="wp-block-image size-full"><img loading="lazy" decoding="async" width="915" height="197" src="https://d-dk-patchworkforum.de/wp-content/uploads/2025/05/malen.jpg" alt="" class="wp-image-6330" srcset="https://d-dk-patchworkforum.de/wp-content/uploads/2025/05/malen.jpg 915w, https://d-dk-patchworkforum.de/wp-content/uploads/2025/05/malen-300x65.jpg 300w, https://d-dk-patchworkforum.de/wp-content/uploads/2025/05/malen-768x165.jpg 768w" sizes="auto, (max-width: 915px) 100vw, 915px" /></figure>



<p class="has-medium-font-size">Andrea viser jer, hvordan man kan ”male” huse, blomster og landskaber med symaskinen.</p>



<p class="has-medium-font-size"><strong>Materialeliste:</strong></p>



<p class="has-medium-font-size">Sy- eller broderitråd i forskellige farver (som i en æske farverblyanter), selv rester er gode at anvende.</p>



<ul class="wp-block-list">
<li class="has-medium-font-size">Sytråd i en neutral farve (som undertråd) f.eks. beige, hvid, lysegrå, lyseblå eller passende til det neutrale baggrundsstof</li>



<li class="has-medium-font-size">Sy- eller brodertråd i mørkeste grå (som en blyantstift)</li>



<li class="has-medium-font-size">Baggrundsstof i en neutral farve, beige, hvid, lysegrå, lyseblå (det er faktisk lærredet). Velegnet er også tone i tonestoffer (ca. 30-40 cm)</li>



<li class="has-medium-font-size">Mange kulørte stoffer til collagen.</li>



<li class="has-medium-font-size">Rivbar vlies ca. 30-40 cm</li>



<li class="has-medium-font-size">Vliesofix ca. 20 cm</li>



<li class="has-medium-font-size">Til at tegne direkte på stoffet: vandopløselig stift</li>



<li class="has-medium-font-size">Broderiramme (skal gerne være godt 15 cm i diameter. Kanten må ikke være for høj, da den skal kunne gå under en maskinnål)</li>



<li class="has-medium-font-size">Lille trådsaks. Lille stofsaks</li>



<li class="has-medium-font-size">Nåletræder (Girls best Friend)</li>



<li class="has-medium-font-size">Knappenåle</li>



<li class="has-medium-font-size">Symaskinenåle: Broderisymaskinenåle i str. 80 eller 90</li>



<li class="has-medium-font-size">Blyant og papir til skitsetegning</li>



<li class="has-medium-font-size">Postkort, malebøger, sider fra tidsskrifter som ideforlæg</li>
</ul>



<p class="has-medium-font-size">Rengør symaskinen før start. Undertransportøren skal kunne sænkes. (vær omhyggelig overalt) Hos mange modeller skal stingpladen kun tildækkes. Det er nødvendigt med en såkaldt frihåndstrykfod eller også en quiltefod. Denne bliver skruet fast på maskinen og kan købes dertil. Som sytråde egner sig grundlæggende alle sytråde, og nu kommer den store undtagelse: Køb ikke de billige Aldi eller Lidl tråde. Disse tråde knækker hele tiden. Vi syr med høj hastighed. Sådanne sytråde er meget glatte og bliver også brugt til broderimaskiner. Jeg har meget god erfaring med ”hurtige tråde” (Rasantgarnen). De findes i 1000 m cones dog ikke i alle farver.<strong>Kursustid</strong>: søndag kl. 9-12</p>



<hr class="wp-block-separator has-alpha-channel-opacity"/>



<p></p>

<p>”Portrætter på stof” ved Claudia Nimmrichter (pris 20 Euro) Hun viser, hvordan man af et foto af et menneske eller et dyr kan fremstille et portræt af stof. Hver fremstiller &hellip;<br /><a href="https://d-dk-patchworkforum.de/?page_id=6350&#038;lang=da" class="more-link pen_button pen_element_default pen_icon_arrow_double">Continue reading <span class="screen-reader-text">Kurser Knivsberg 2025</span></a></p>

Veröffentlicht 11 Monaten vor

Veröffentlicht am 28/05/2025

Veröffentlicht am 28/05/2025 18:27
