{"id":6345,"date":"2025-05-28T16:28:54","date_gmt":"2025-05-28T14:28:54","guid":{"rendered":"https:\/\/d-dk-patchworkforum.de\/?page_id=6345"},"modified":"2025-05-28T18:09:38","modified_gmt":"2025-05-28T16:09:38","slug":"kurse-knivsberg-2025","status":"publish","type":"page","link":"https:\/\/d-dk-patchworkforum.de\/?page_id=6345","title":{"rendered":"Kurse Knivsberg 2025"},"content":{"rendered":"\n<p class=\"has-large-font-size\"><strong>\u201ePortr\u00e4ts auf Stoff\u201c bei Claudia Nimmrichter<\/strong>\u00a0\u00a0\u00a0\u00a0\u00a0\u00a0\u00a0\u00a0\u00a0\u00a0\u00a0 (Kosten 20 Euro)<\/p>\n\n\n\n<figure class=\"wp-block-image size-full\"><img loading=\"lazy\" decoding=\"async\" width=\"625\" height=\"289\" src=\"https:\/\/d-dk-patchworkforum.de\/wp-content\/uploads\/2025\/05\/portraet.jpg\" alt=\"\" class=\"wp-image-6332\" srcset=\"https:\/\/d-dk-patchworkforum.de\/wp-content\/uploads\/2025\/05\/portraet.jpg 625w, https:\/\/d-dk-patchworkforum.de\/wp-content\/uploads\/2025\/05\/portraet-300x139.jpg 300w\" sizes=\"auto, (max-width: 625px) 100vw, 625px\" \/><\/figure>\n\n\n\n<p class=\"has-medium-font-size\">Sie zeigt, wie man aus einem Foto von einem Menschen oder einem Tier ein Portr\u00e4t aus Stoff herstellen kann. Jeder erstellt sein individuelles Portr\u00e4t. Es beginnt mit der Bearbeitung des Fotos am Computer. Es wird z. B. der Kontrast, die Sch\u00e4rfe, der Zuschnitt und die Tonwertstufe bearbeitet. Im Kurs wird es an Hand eines Beispielfotos gezeigt.<br>Es muss bitte im Vorfeld das Wunschbild an <a href=\"mailto:stoffpaula@googlemail.com\">stoffpaula@googlemail.com<\/a> geschickt werden, damit sie es schon bearbeiten und mit euch abstimmen kann.<br>Nach dem Ausdrucken des Fotos beginnt ihr den Stoff in den einzelnen Farbstufen zuzuschneiden und das Portr\u00e4t aufzubauen. Zum Schluss gibt es noch Tipps f\u00fcr die Fertigstellung und das Quilten.<br>Nach dem Ausdrucken des Fotos beginnt ihr den Stoff in den einzelnen Farbstufen zuzuschneiden und das Portr\u00e4t aufzubauen. Zum Schluss gibt es noch Tipps f\u00fcr die Fertigstellung und das Quilten.<br>Ihr k\u00f6nnt ein Materialpaket (40 Euro) bei Claudia bestellen, sie bringt es dann mit und ihr bezahlt es vor Ort.<\/p>\n\n\n\n<p class=\"has-medium-font-size\"><strong>Materialliste:<\/strong><\/p>\n\n\n\n<ul class=\"wp-block-list\">\n<li class=\"has-medium-font-size\">6-7 Stoffe in Farbstufungen von wei\u00df \u00fcber grau bis schwarz oder in einer anderen Farbrichtung. Im Format DIN A4.<\/li>\n\n\n\n<li class=\"has-medium-font-size\">Evtl. Schon Hintergrundstoff<\/li>\n\n\n\n<li class=\"has-medium-font-size\">6-7 Bl\u00e4tter \u201eLite Steam a Seam 2\u201c oder ein stabiles B\u00fcgelvlies wie z. B. H250<\/li>\n\n\n\n<li class=\"has-medium-font-size\">Euer Bild<\/li>\n\n\n\n<li class=\"has-medium-font-size\">Roter Stift<\/li>\n\n\n\n<li class=\"has-medium-font-size\">Papierschere, kleine Stoffschere, Pinzette<\/li>\n\n\n\n<li class=\"has-medium-font-size\">B\u00fcgeleisen, B\u00fcgelunterlage, Backpapier zum B\u00fcgeln<\/li>\n\n\n\n<li class=\"has-medium-font-size\"><strong>Keine N\u00e4hmaschine<\/strong><\/li>\n\n\n\n<li class=\"has-medium-font-size\"><strong>Keinen Rechner<\/strong><\/li>\n<\/ul>\n\n\n\n<p class=\"has-medium-font-size\"><strong>Kurszeit <\/strong>ist am Samstag von 9 Uhr \u2013 12 Uhr\u00a0 Mittagspause \u00a013 Uhr \u2013 16 Uhr<\/p>\n\n\n\n<hr class=\"wp-block-separator has-alpha-channel-opacity\"\/>\n\n\n\n<p class=\"has-large-font-size\"><strong>\u201eVerschwundene Bl\u00f6cke\u201c Eli Thomae<\/strong>\u00a0 (Kosten 20 Euro)<\/p>\n\n\n\n<figure class=\"wp-block-image size-full\"><img loading=\"lazy\" decoding=\"async\" width=\"917\" height=\"548\" src=\"https:\/\/d-dk-patchworkforum.de\/wp-content\/uploads\/2025\/05\/patch.jpg\" alt=\"\" class=\"wp-image-6331\" srcset=\"https:\/\/d-dk-patchworkforum.de\/wp-content\/uploads\/2025\/05\/patch.jpg 917w, https:\/\/d-dk-patchworkforum.de\/wp-content\/uploads\/2025\/05\/patch-300x179.jpg 300w, https:\/\/d-dk-patchworkforum.de\/wp-content\/uploads\/2025\/05\/patch-768x459.jpg 768w\" sizes=\"auto, (max-width: 917px) 100vw, 917px\" \/><\/figure>\n\n\n\n<p class=\"has-medium-font-size\">Es werden verschiedene Schneidetechniken gezeigt. Nach der Anmeldung bekommt ihr den genauen Zuschnittplan f\u00fcr die Bl\u00f6cke. Es w\u00e4re gut, wenn ihr bei der Anmeldung vielleicht schon schreibt, welche Bl\u00f6cke ihr n\u00e4hen m\u00f6chtet.<\/p>\n\n\n\n<p class=\"has-medium-font-size\"><strong>Kurszeit:<\/strong> Samstag von 9 Uhr \u2013 12 Uhr&nbsp; Mittagspause&nbsp; 13 Uhr \u2013 16 Uhr<\/p>\n\n\n\n<hr class=\"wp-block-separator has-alpha-channel-opacity\"\/>\n\n\n\n<p class=\"has-large-font-size\"><strong>Eine Weste N\u00e4hen mit Siegrid Herrmann<\/strong><\/p>\n\n\n\n<p class=\"has-medium-font-size\">Ihr k\u00f6nnt mit Siegrid eine ihrer sch\u00f6nen Westen n\u00e4hen! Setzt euch bitte vorher mit ihr in Verbindung welches Modell ihr n\u00e4hen wollt und welche Gr\u00f6\u00dfe ihr ben\u00f6tigt <a href=\"mailto:siegridpeter@kabelmail.dk\">siegridpeter@kabelmail.dk<\/a><br>Stoff und alle ben\u00f6tigten N\u00e4hutensilien m\u00fcsst ihr mitbringen. Siegrid bringt die Schnitte mit.<\/p>\n\n\n\n<p class=\"has-medium-font-size\"><strong>Kurszeit:<\/strong> Samstag 9 Uhr \u2013 12 Uhr Mittagspause 13 Uhr \u2013 16 Uhr<\/p>\n\n\n\n<hr class=\"wp-block-separator has-alpha-channel-opacity\"\/>\n\n\n\n<p class=\"has-large-font-size\"><strong>\u201eStorm at sea\u201c<\/strong> Eli Thomae (Kosten 10 Euro)<\/p>\n\n\n\n<p class=\"has-medium-font-size\">Es gibt theoretisches zu diesem Block, aber es wird auch gen\u00e4ht.<\/p>\n\n\n\n<p class=\"has-medium-font-size\"><strong>Kurszeit:<\/strong> Sonntag von 9 Uhr \u2013 12 Uhr<\/p>\n\n\n\n<hr class=\"wp-block-separator has-alpha-channel-opacity\"\/>\n\n\n\n<p class=\"has-large-font-size\"><strong>\u201eMalen mit der N\u00e4hmaschine\u201c mit Andrea Sch\u00f6neich<\/strong><\/p>\n\n\n\n<figure class=\"wp-block-image size-full\"><img loading=\"lazy\" decoding=\"async\" width=\"915\" height=\"197\" src=\"https:\/\/d-dk-patchworkforum.de\/wp-content\/uploads\/2025\/05\/malen.jpg\" alt=\"\" class=\"wp-image-6330\" srcset=\"https:\/\/d-dk-patchworkforum.de\/wp-content\/uploads\/2025\/05\/malen.jpg 915w, https:\/\/d-dk-patchworkforum.de\/wp-content\/uploads\/2025\/05\/malen-300x65.jpg 300w, https:\/\/d-dk-patchworkforum.de\/wp-content\/uploads\/2025\/05\/malen-768x165.jpg 768w\" sizes=\"auto, (max-width: 915px) 100vw, 915px\" \/><\/figure>\n\n\n\n<p class=\"has-medium-font-size\">Andrea zeigt euch, wie ihr mit eurer N\u00e4hmaschine H\u00e4user, Blumen und Landschaften \u201emalen\u201c k\u00f6nnt.<\/p>\n\n\n\n<p class=\"has-medium-font-size\"><strong>Materialliste:<\/strong><\/p>\n\n\n\n<p class=\"has-medium-font-size\">N\u00e4h-oder Stickgarne in verschiedenen Farben (wie in einem Kasten mit Buntstiften) selbst Reste sind gut zu verwenden.<\/p>\n\n\n\n<ul class=\"wp-block-list\">\n<li class=\"has-medium-font-size\">N\u00e4hgarn in einer neutralen Farbe (als Unterfaden) z.B. beige, wei\u00df, hellgrau, hellblau oder aber passend zu dem neutralen Hintergrundstoff<\/li>\n\n\n\n<li class=\"has-medium-font-size\">N\u00e4h- oder Stickgarn in dunkelstem Grau (wie ein Bleistift)<\/li>\n\n\n\n<li class=\"has-medium-font-size\">Hintergrundstoff in einer neutralen Farbe, wie beige, wei\u00df, hellgrau, hellblau (das ist sozusagen die Leinwand). Gut eignen sich auch zarte Ton in Ton Stoffe (davon ca. 30 \u2013 40 cm)<\/li>\n\n\n\n<li class=\"has-medium-font-size\">viele bunte Stoffreste f\u00fcr die Collagen<\/li>\n\n\n\n<li class=\"has-medium-font-size\">ausrei\u00dfbares Stickvlies ca. 30 \u2013 40 cm<\/li>\n\n\n\n<li class=\"has-medium-font-size\">Vliesofix ca. 20 cm<\/li>\n\n\n\n<li class=\"has-medium-font-size\">zum Vorzeichnen direkt auf dem Stoff: wasserl\u00f6schbarer Stift<\/li>\n\n\n\n<li class=\"has-medium-font-size\">Handstickrahmen (sollte schon gut 15cm im Durchmesser sein). Der Rand allerdings nicht zu hoch, er sollte unter die Maschinennadel passen<\/li>\n\n\n\n<li class=\"has-medium-font-size\">kleine Fadenschere, kleine Stoffschere<\/li>\n\n\n\n<li class=\"has-medium-font-size\">Nahttrenner (Girl\u00b4s best Friend)<\/li>\n\n\n\n<li class=\"has-medium-font-size\">Stecknadeln<\/li>\n\n\n\n<li class=\"has-medium-font-size\">als N\u00e4hmaschinennadeln: Topstitchnadeln in der St\u00e4rke 80 oder 90<\/li>\n\n\n\n<li class=\"has-medium-font-size\">Bleistift und Papier f\u00fcr Skizzen<\/li>\n\n\n\n<li class=\"has-medium-font-size\">Postkarten, Malbuchvorlagen, Seiten aus Zeitschriften etc. als Ideenpool<\/li>\n<\/ul>\n\n\n\n<p class=\"has-medium-font-size\">Die N\u00e4hmaschine bitte vorher reinigen. Der Untertransport sollte versenkbar sein (bitte in der Anleitung schlau machen). Bei manchen Modellen wird die Stichplatte auch einfach nur abgedeckt. Es wird ein sog. Freihandstickfu\u00df oder auch Quiltfu\u00df ben\u00f6tigt. Dieser wird extra an die Maschine geschraubt und kann f\u00fcr jedes Maschinenmodell dazugekauft werden. Als N\u00e4hgarne eignen sich grunds\u00e4tzlich alle N\u00e4hgarne und jetzt kommt die gro\u00dfe Ausnahme: bitte keine billigen Aldi oder Lidl Garne. Diese Garne rei\u00dfen st\u00e4ndig. Wir n\u00e4hen mit hoher Geschwindigkeit. Sogenannte Stickgarne sind sehr glatt und werden auch f\u00fcr die Stickmaschinen verwendet. Diese eignen sich am allerbesten. Sehr gute Erfahrung habe ich auch mit \u201eRasantgarnen\u201c gemacht. Die gibt es als 1000mtr Konen, allerdings in nicht ganz so vielen Farben.<\/p>\n\n\n\n<p class=\"has-medium-font-size\"><strong>Kurszeit:<\/strong> Sonntag 9 Uhr \u2013 12 Uhr<\/p>\n","protected":false},"excerpt":{"rendered":"<p>\u201ePortr\u00e4ts auf Stoff\u201c bei Claudia Nimmrichter\u00a0\u00a0\u00a0\u00a0\u00a0\u00a0\u00a0\u00a0\u00a0\u00a0\u00a0 (Kosten 20 Euro) Sie zeigt, wie man aus einem Foto von einem Menschen oder einem Tier ein Portr\u00e4t aus Stoff herstellen kann. Jeder erstellt &hellip;<br \/><a href=\"https:\/\/d-dk-patchworkforum.de\/?page_id=6345\" class=\"more-link pen_button pen_element_default pen_icon_arrow_double\">Continue reading <span class=\"screen-reader-text\">Kurse Knivsberg 2025<\/span><\/a><\/p>\n","protected":false},"author":2,"featured_media":0,"parent":0,"menu_order":0,"comment_status":"closed","ping_status":"closed","template":"","meta":{"_coblocks_attr":"","_coblocks_dimensions":"","_coblocks_responsive_height":"","_coblocks_accordion_ie_support":"","advgb_blocks_editor_width":"","advgb_blocks_columns_visual_guide":"","footnotes":""},"class_list":["post-6345","page","type-page","status-publish","hentry"],"coauthors":[],"author_meta":{"author_link":"https:\/\/d-dk-patchworkforum.de\/?author=2","display_name":"Peter Schmidt"},"relative_dates":{"created":"Ver\u00f6ffentlicht 11\u00a0Monaten vor","modified":"Aktualisiert 11\u00a0Monaten vor"},"absolute_dates":{"created":"Ver\u00f6ffentlicht am 28\/05\/2025","modified":"Aktualisiert am 28\/05\/2025"},"absolute_dates_time":{"created":"Ver\u00f6ffentlicht am 28\/05\/2025 16:28","modified":"Aktualisiert am 28\/05\/2025 18:09"},"featured_img_caption":"","featured_img":false,"series_order":"","_links":{"self":[{"href":"https:\/\/d-dk-patchworkforum.de\/index.php?rest_route=\/wp\/v2\/pages\/6345","targetHints":{"allow":["GET"]}}],"collection":[{"href":"https:\/\/d-dk-patchworkforum.de\/index.php?rest_route=\/wp\/v2\/pages"}],"about":[{"href":"https:\/\/d-dk-patchworkforum.de\/index.php?rest_route=\/wp\/v2\/types\/page"}],"author":[{"embeddable":true,"href":"https:\/\/d-dk-patchworkforum.de\/index.php?rest_route=\/wp\/v2\/users\/2"}],"replies":[{"embeddable":true,"href":"https:\/\/d-dk-patchworkforum.de\/index.php?rest_route=%2Fwp%2Fv2%2Fcomments&post=6345"}],"version-history":[{"count":2,"href":"https:\/\/d-dk-patchworkforum.de\/index.php?rest_route=\/wp\/v2\/pages\/6345\/revisions"}],"predecessor-version":[{"id":6348,"href":"https:\/\/d-dk-patchworkforum.de\/index.php?rest_route=\/wp\/v2\/pages\/6345\/revisions\/6348"}],"wp:attachment":[{"href":"https:\/\/d-dk-patchworkforum.de\/index.php?rest_route=%2Fwp%2Fv2%2Fmedia&parent=6345"}],"curies":[{"name":"wp","href":"https:\/\/api.w.org\/{rel}","templated":true}]}}

<p class="has-large-font-size"><strong>„Porträts auf Stoff“ bei Claudia Nimmrichter</strong>            (Kosten 20 Euro)</p>



<figure class="wp-block-image size-full"><img loading="lazy" decoding="async" width="625" height="289" src="https://d-dk-patchworkforum.de/wp-content/uploads/2025/05/portraet.jpg" alt="" class="wp-image-6332" srcset="https://d-dk-patchworkforum.de/wp-content/uploads/2025/05/portraet.jpg 625w, https://d-dk-patchworkforum.de/wp-content/uploads/2025/05/portraet-300x139.jpg 300w" sizes="auto, (max-width: 625px) 100vw, 625px" /></figure>



<p class="has-medium-font-size">Sie zeigt, wie man aus einem Foto von einem Menschen oder einem Tier ein Porträt aus Stoff herstellen kann. Jeder erstellt sein individuelles Porträt. Es beginnt mit der Bearbeitung des Fotos am Computer. Es wird z. B. der Kontrast, die Schärfe, der Zuschnitt und die Tonwertstufe bearbeitet. Im Kurs wird es an Hand eines Beispielfotos gezeigt.<br>Es muss bitte im Vorfeld das Wunschbild an <a href="mailto:stoffpaula@googlemail.com">stoffpaula@googlemail.com</a> geschickt werden, damit sie es schon bearbeiten und mit euch abstimmen kann.<br>Nach dem Ausdrucken des Fotos beginnt ihr den Stoff in den einzelnen Farbstufen zuzuschneiden und das Porträt aufzubauen. Zum Schluss gibt es noch Tipps für die Fertigstellung und das Quilten.<br>Nach dem Ausdrucken des Fotos beginnt ihr den Stoff in den einzelnen Farbstufen zuzuschneiden und das Porträt aufzubauen. Zum Schluss gibt es noch Tipps für die Fertigstellung und das Quilten.<br>Ihr könnt ein Materialpaket (40 Euro) bei Claudia bestellen, sie bringt es dann mit und ihr bezahlt es vor Ort.</p>



<p class="has-medium-font-size"><strong>Materialliste:</strong></p>



<ul class="wp-block-list">
<li class="has-medium-font-size">6-7 Stoffe in Farbstufungen von weiß über grau bis schwarz oder in einer anderen Farbrichtung. Im Format DIN A4.</li>



<li class="has-medium-font-size">Evtl. Schon Hintergrundstoff</li>



<li class="has-medium-font-size">6-7 Blätter „Lite Steam a Seam 2“ oder ein stabiles Bügelvlies wie z. B. H250</li>



<li class="has-medium-font-size">Euer Bild</li>



<li class="has-medium-font-size">Roter Stift</li>



<li class="has-medium-font-size">Papierschere, kleine Stoffschere, Pinzette</li>



<li class="has-medium-font-size">Bügeleisen, Bügelunterlage, Backpapier zum Bügeln</li>



<li class="has-medium-font-size"><strong>Keine Nähmaschine</strong></li>



<li class="has-medium-font-size"><strong>Keinen Rechner</strong></li>
</ul>



<p class="has-medium-font-size"><strong>Kurszeit </strong>ist am Samstag von 9 Uhr – 12 Uhr  Mittagspause  13 Uhr – 16 Uhr</p>



<hr class="wp-block-separator has-alpha-channel-opacity"/>



<p class="has-large-font-size"><strong>„Verschwundene Blöcke“ Eli Thomae</strong>  (Kosten 20 Euro)</p>



<figure class="wp-block-image size-full"><img loading="lazy" decoding="async" width="917" height="548" src="https://d-dk-patchworkforum.de/wp-content/uploads/2025/05/patch.jpg" alt="" class="wp-image-6331" srcset="https://d-dk-patchworkforum.de/wp-content/uploads/2025/05/patch.jpg 917w, https://d-dk-patchworkforum.de/wp-content/uploads/2025/05/patch-300x179.jpg 300w, https://d-dk-patchworkforum.de/wp-content/uploads/2025/05/patch-768x459.jpg 768w" sizes="auto, (max-width: 917px) 100vw, 917px" /></figure>



<p class="has-medium-font-size">Es werden verschiedene Schneidetechniken gezeigt. Nach der Anmeldung bekommt ihr den genauen Zuschnittplan für die Blöcke. Es wäre gut, wenn ihr bei der Anmeldung vielleicht schon schreibt, welche Blöcke ihr nähen möchtet.</p>



<p class="has-medium-font-size"><strong>Kurszeit:</strong> Samstag von 9 Uhr – 12 Uhr&nbsp; Mittagspause&nbsp; 13 Uhr – 16 Uhr</p>



<hr class="wp-block-separator has-alpha-channel-opacity"/>



<p class="has-large-font-size"><strong>Eine Weste Nähen mit Siegrid Herrmann</strong></p>



<p class="has-medium-font-size">Ihr könnt mit Siegrid eine ihrer schönen Westen nähen! Setzt euch bitte vorher mit ihr in Verbindung welches Modell ihr nähen wollt und welche Größe ihr benötigt <a href="mailto:siegridpeter@kabelmail.dk">siegridpeter@kabelmail.dk</a><br>Stoff und alle benötigten Nähutensilien müsst ihr mitbringen. Siegrid bringt die Schnitte mit.</p>



<p class="has-medium-font-size"><strong>Kurszeit:</strong> Samstag 9 Uhr – 12 Uhr Mittagspause 13 Uhr – 16 Uhr</p>



<hr class="wp-block-separator has-alpha-channel-opacity"/>



<p class="has-large-font-size"><strong>„Storm at sea“</strong> Eli Thomae (Kosten 10 Euro)</p>



<p class="has-medium-font-size">Es gibt theoretisches zu diesem Block, aber es wird auch genäht.</p>



<p class="has-medium-font-size"><strong>Kurszeit:</strong> Sonntag von 9 Uhr – 12 Uhr</p>



<hr class="wp-block-separator has-alpha-channel-opacity"/>



<p class="has-large-font-size"><strong>„Malen mit der Nähmaschine“ mit Andrea Schöneich</strong></p>



<figure class="wp-block-image size-full"><img loading="lazy" decoding="async" width="915" height="197" src="https://d-dk-patchworkforum.de/wp-content/uploads/2025/05/malen.jpg" alt="" class="wp-image-6330" srcset="https://d-dk-patchworkforum.de/wp-content/uploads/2025/05/malen.jpg 915w, https://d-dk-patchworkforum.de/wp-content/uploads/2025/05/malen-300x65.jpg 300w, https://d-dk-patchworkforum.de/wp-content/uploads/2025/05/malen-768x165.jpg 768w" sizes="auto, (max-width: 915px) 100vw, 915px" /></figure>



<p class="has-medium-font-size">Andrea zeigt euch, wie ihr mit eurer Nähmaschine Häuser, Blumen und Landschaften „malen“ könnt.</p>



<p class="has-medium-font-size"><strong>Materialliste:</strong></p>



<p class="has-medium-font-size">Näh-oder Stickgarne in verschiedenen Farben (wie in einem Kasten mit Buntstiften) selbst Reste sind gut zu verwenden.</p>



<ul class="wp-block-list">
<li class="has-medium-font-size">Nähgarn in einer neutralen Farbe (als Unterfaden) z.B. beige, weiß, hellgrau, hellblau oder aber passend zu dem neutralen Hintergrundstoff</li>



<li class="has-medium-font-size">Näh- oder Stickgarn in dunkelstem Grau (wie ein Bleistift)</li>



<li class="has-medium-font-size">Hintergrundstoff in einer neutralen Farbe, wie beige, weiß, hellgrau, hellblau (das ist sozusagen die Leinwand). Gut eignen sich auch zarte Ton in Ton Stoffe (davon ca. 30 – 40 cm)</li>



<li class="has-medium-font-size">viele bunte Stoffreste für die Collagen</li>



<li class="has-medium-font-size">ausreißbares Stickvlies ca. 30 – 40 cm</li>



<li class="has-medium-font-size">Vliesofix ca. 20 cm</li>



<li class="has-medium-font-size">zum Vorzeichnen direkt auf dem Stoff: wasserlöschbarer Stift</li>



<li class="has-medium-font-size">Handstickrahmen (sollte schon gut 15cm im Durchmesser sein). Der Rand allerdings nicht zu hoch, er sollte unter die Maschinennadel passen</li>



<li class="has-medium-font-size">kleine Fadenschere, kleine Stoffschere</li>



<li class="has-medium-font-size">Nahttrenner (Girl´s best Friend)</li>



<li class="has-medium-font-size">Stecknadeln</li>



<li class="has-medium-font-size">als Nähmaschinennadeln: Topstitchnadeln in der Stärke 80 oder 90</li>



<li class="has-medium-font-size">Bleistift und Papier für Skizzen</li>



<li class="has-medium-font-size">Postkarten, Malbuchvorlagen, Seiten aus Zeitschriften etc. als Ideenpool</li>
</ul>



<p class="has-medium-font-size">Die Nähmaschine bitte vorher reinigen. Der Untertransport sollte versenkbar sein (bitte in der Anleitung schlau machen). Bei manchen Modellen wird die Stichplatte auch einfach nur abgedeckt. Es wird ein sog. Freihandstickfuß oder auch Quiltfuß benötigt. Dieser wird extra an die Maschine geschraubt und kann für jedes Maschinenmodell dazugekauft werden. Als Nähgarne eignen sich grundsätzlich alle Nähgarne und jetzt kommt die große Ausnahme: bitte keine billigen Aldi oder Lidl Garne. Diese Garne reißen ständig. Wir nähen mit hoher Geschwindigkeit. Sogenannte Stickgarne sind sehr glatt und werden auch für die Stickmaschinen verwendet. Diese eignen sich am allerbesten. Sehr gute Erfahrung habe ich auch mit „Rasantgarnen“ gemacht. Die gibt es als 1000mtr Konen, allerdings in nicht ganz so vielen Farben.</p>



<p class="has-medium-font-size"><strong>Kurszeit:</strong> Sonntag 9 Uhr – 12 Uhr</p>

<p>„Porträts auf Stoff“ bei Claudia Nimmrichter            (Kosten 20 Euro) Sie zeigt, wie man aus einem Foto von einem Menschen oder einem Tier ein Porträt aus Stoff herstellen kann. Jeder erstellt &hellip;<br /><a href="https://d-dk-patchworkforum.de/?page_id=6345" class="more-link pen_button pen_element_default pen_icon_arrow_double">Continue reading <span class="screen-reader-text">Kurse Knivsberg 2025</span></a></p>

Veröffentlicht 11 Monaten vor

Veröffentlicht am 28/05/2025

Veröffentlicht am 28/05/2025 16:28
